4*q + l. Let b(u) = u + 1. Give b(q).
6
Let p(q) = 144*q + 736. Let j be p(-5). Let s(g) = g - 13. What is s(j)?
3
Let d(w) = 7*w**2 + 19*w - 13. Let v(k) = -16*k**2 - 40*k + 26. Let n(p) = 7*d(p) + 3*v(p). Determine n(-14).
1
Suppose 5*p - 2 + 25 = -s, -3*p = 3*s + 21. Let k(f) = 3*f**2 + 9*f - 6. Let u(q) = -q**2 - 3*q + 2. Let o(n) = -4*k(n) - 11*u(n). Calculate o(p).
-2
Let c(l) = l**2. Let q(o) = o**2 + 1. Let u(z) = 2*c(z) - q(z). Suppose -42 + 206 = 4*k. Let s = k + -41. Determine u(s).
-1
Let z be ((-2)/(-1))/(2/13). Let p = 13 - z. Let y(a) = 0 - 3 + a - 4 + p*a. Give y(4).
-3
Let i(k) = k**2 - 3*k + 1. Let u(y) = -y**3 + 4*y**2 + 13*y + 3. Let q be u(-2). Give i(q).
-1
Let i(p) = -p**2 + 10*p + 5. Suppose 0 = 3*f + 9. Let s be (11/f)/(1/(-3) - 0). Give i(s).
-6
Let r(p) = p**2 - 16*p + 20. Let j be r(15). Suppose 2*g = 5*z - 11, 4*g + 0*g - z - j = 0. Let m(w) = -7*w**2 + 7*w - 1 - w + w**3 + g*w**2. Determine m(4).
7
Suppose 7*l + 6 = 34. Let v(o) be the first derivative of -1/2*o**2 - 4 - o. Determine v(l).
-5
Suppose a = -73*v + 70*v + 4, -5*v + 16 = 4*a. Let j(c) = 2*c + 19. Calculate j(v).
19
Let u(a) be the first derivative of a**4/4 + 5*a**3/3 - 2*a + 131. What is u(-5)?
-2
Let i = -2 - -5. Let l(t) be the first derivative of -3*t + 4/3*t**3 + 0*t**2 - 1/4*t**4 - 3. What is l(i)?
6
Let d(t) = t**2 - 6*t + 1. Suppose -111 = 8*g + 41. Let v = g + 26. Calculate d(v).
8
Let j(i) be the first derivative of i**4/4 - 5*i**3/3 + i**2/2 + 4*i + 10. Calculate j(4).
-8
Let p(r) = -3*r**3 + r**2 + 2*r + 1. Let s(l) = l + 9. Let w be s(-7). Suppose 0 = -0*v - w*v + 16. Let h be ((-2)/(-3))/(v/(-12)). What is p(h)?
3
Let j be (-10)/2*-1 + -5 + 4. Suppose 0 = j*k - 49 + 17. Let p(h) = -h**3 + 9*h**2 - 7*h - 11. Give p(k).
-3
Let c be ((-10)/8)/((-12)/48). Suppose -c*h = -14*h + 9. Let x(s) be the second derivative of -3*s**5/10 - s**4/12 + s**2/2 + s. Determine x(h).
-6
Let t(r) = -r**3 + 5*r**2 - 25*r**2 + r + 21*r**2 - 7. Determine t(0).
-7
Let d(a) = 5*a**3 - 3*a**2 + 12*a + 1. Let c(w) = -14*w**3 + 8*w**2 - 35*w - 2. Let g(q) = -6*c(q) - 17*d(q). Suppose l + 5 = 13. Let v = 12 - l. Give g(v).
3
Let d(p) be the first derivative of 13*p**2/2 + 81. Give d(1).
13
Let t(f) = -5*f - 8. Let a(h) = 6*h + 6. Let g(j) = -3*a(j) - 4*t(j). Give g(-4).
6
Let m(s) = -s**3 + s**2 + 3*s - 2. Let n(c) = -33*c + 4. Let k be n(3). Let o = k + 98. Give m(o).
-11
Let k(f) = f**2 + 8*f - 1. Suppose 0 = y + 2*s, -6 = 2*y + 2*s + 2. Calculate k(y).
-1
Let q(s) = 32*s + 11 + s**2 - 53*s + 31*s. Let k = 603 + -611. Determine q(k).
-5
Let v = -51 + 47. Let f be (-1)/(-4) - 7/v. Let i(b) = -6*b**2 + b - 4. Let a(r) = 3*r**2 + 2. Let n(q) = -5*a(q) - 3*i(q). Calculate n(f).
8
Let o(q) be the third derivative of -q**6/120 + q**5/15 + q**4/8 + q**3/3 + 15*q**2. Let v be o(5). Let w(z) = z**2 + 9*z + 7. Give w(v).
-1
Suppose -5*v + 165 = -240. Suppose -3*b = b + t - v, -3*b = 2*t - 67. Let j = b + -21. Let c(a) = -a**2 - 6*a - 3. Give c(j).
5
Suppose 22 - 1 = 7*j. Let h(r) = j - 7*r**2 - 4*r + 2*r**3 - r**3 + 5*r - 4. Give h(7).
6
Let s(a) = -33*a - 5 - 36*a - 32*a + 99*a. Calculate s(11).
-27
Let s(d) = -117 + 224 - 113 + d. Determine s(0).
-6
Suppose 65*k - 14 = 72*k. Let z(h) = 4*h - 1. Calculate z(k).
-9
Let i(h) = -54*h - 321. Let s be i(-6). Let b(o) = o**2 - 6*o + 9. What is b(s)?
0
Let p(k) = -k**2 + 8*k - 1. Let o be (-4)/((-4)/(-7)) - -1. Let d(l) = 3*l + 26. Let i be d(o). Calculate p(i).
-1
Suppose -4*q + 2*f = 0, 14 = -2*q + 3*q + 3*f. Suppose 0 = -q*h + 4*h. Let s(k) = 1 - 3*k + h*k - 2*k. Calculate s(-1).
6
Let s be (((-9)/6)/(-1))/(1/(-2)) + 2. Let j(r) be the third derivative of -r**6/15 - r**5/60 - 2*r**2. Determine j(s).
7
Let s(n) be the first derivative of -n**4/4 - n**2/2 - n - 68. Suppose -2*z - 3*a = 2*z - 28, 4*a = 4*z. Suppose -z = -3*b + b. Give s(b).
-11
Let f(x) = -3*x**2 - 11154*x**3 + 11153*x**3 + 3*x**2 - 10 - 9*x**2. Calculate f(-9).
-10
Let v(d) = 4*d**3 + d**2 + d + 1. Suppose 0 = m - 2*r + 6, 2*m + r + 3*r = 12. Suppose 0 = 4*n - 0*n - 12. Suppose m = -n*k - k - 4. Give v(k).
-3
Let p(a) = 6*a + 14. Let m be (-50)/(-10)*(-6)/5. What is p(m)?
-22
Let i(j) = j - 9. Let s(y) = 3*y**2 + y - 1. Let a be s(1). Suppose 5 = -a*k - 2*k, 2*l = 5*k + 117. Let u be (-14)/4*(-64)/l. Calculate i(u).
-5
Let i be (-19 - -7)*1/2. Let m(q) = 2*q + 13. Let h be m(i). Suppose 3*b - 8 = h. Let v(x) = 3*x - 4. Give v(b).
5
Let j(v) = 2*v - 2. Let c be j(6). Let s = 12 - c. Let z(w) = -3 + 2*w + 3*w + w**3 + 4*w**2 + 3*w**s + 3*w. What is z(-6)?
-15
Let h(u) be the second derivative of u**3/3 - 23*u**2/2 + 135*u. Calculate h(11).
-1
Let z = -45 - -47. Let p(b) = 3*b + 3 + 4 - z - 4. Let r be ((-1)/(3/(-6)))/1. Give p(r).
7
Let i = -49 - -45. Suppose 7*k = 4*k. Let t(h) = 3*h - 1 + 3 + k. Give t(i).
-10
Let p(a) be the third derivative of 0 + 3/2*a**3 + 0*a - 1/24*a**4 + 11*a**2. Give p(4).
5
Let o(z) = z**2 - 26*z - 83. Let f be o(29). Let j(y) = -2*y**2 + 4*y - 6. What is j(f)?
-22
Let z(x) be the third derivative of -x**5/60 - x**4/4 + 5*x**3/2 - 2*x**2 + 125. Give z(-8).
-1
Suppose 8*k - 7*k + 9 = 2*l, 3*l = -3*k + 18. Let b(g) = -6*g + 1. Calculate b(k).
-5
Let s(w) = -9*w**2 - 13*w**2 + 29*w**2 - 4*w - 8*w**2. Let z(h) = -h - 6. Let b(q) = q + 6. Let a(f) = 6*b(f) + 5*z(f). Let k be a(-9). Give s(k).
3
Let g(p) = -3*p - 18*p**2 + 9 + 0 + 15*p**2 + 0*p. Let w(i) = -i**2 + i + 1. Let t(d) = g(d) - 4*w(d). Give t(4).
-7
Let g(d) = -2*d + 1. Let u(m) = 4*m - 2. Let c(v) = 5*g(v) + 2*u(v). Let n(w) = -2 + 0 - w - 5 + 1. Let s be n(-3). What is c(s)?
7
Let o = 7 - 3. Let i(a) be the second derivative of -a**7/2520 + a**6/120 - a**5/20 - a**4/12 - 3*a. Let y(t) be the third derivative of i(t). Determine y(o).
2
Let s(y) = -y + 14. Suppose 35 = d + 5*u, -10*d + 6*d + 3*u + 25 = 0. What is s(d)?
4
Let q(k) = k**3 + 3*k**2 + 5*k. Let f(a) = -2*a**3 - 7*a**2 - 10*a. Let z(w) = -6*f(w) - 13*q(w). What is z(2)?
-6
Let z(k) = k**2 + 6*k + 1. Let q(a) = -a**3 - 29*a**2 + 26*a - 126. Let m be q(-30). What is z(m)?
1
Let s(r) = -7*r**3 - r**2 + r - 1. Let p(f) = f**3 - 9*f**2 - 9*f + 5. Let d be p(10). Suppose d*x - 3*x = 12. Determine s(x).
-8
Let h(f) = -4*f**2 - 5*f - 3. Let d = -10 + 9. Let v = d + 5. Let l(x) = 4*x**2 + 6*x + 4. Let m(q) = v*l(q) + 5*h(q). Determine m(1).
-4
Suppose 25*x - 44 = 456. Let n be -21 - (1 - (2 + -2)). Let p = x + n. Let g(j) = j + 2. Calculate g(p).
0
Let a(o) = 2*o**2 - 2*o + 1. Let l be a(2). Suppose 0 = b + l, 5 = -4*c - 4*b - 19. Let v be 4 + -2 - 1/c. Let y(p) = p**2 - p - 4. Determine y(v).
2
Let r(f) be the first derivative of f**2/2 + 5*f + 274. Calculate r(11).
16
Let h(d) be the second derivative of d**4/12 - d**2/2 + d. Let b = 3813 - 3812. Calculate h(b).
0
Let d(y) = 37*y + 5. Let t(q) = 8*q + 1. Let h(l) = -d(l) + 3*t(l). What is h(1)?
-15
Let b(m) = -6 - 9 + m + 3 + 9. Calculate b(-7).
-10
Let q = 12 - 18. Let z be -1*(3/(-3) + 2). Let o(f) = -f**2 - 5*f - 4. Let k(y) = y + 1. Let r(p) = z*o(p) + 3*k(p). Determine r(q).
-5
Let v be (1/(-3))/(21/(-315)). Suppose n + 12 = -6*o + o, 5*n + 20 = -v*o. Let u(c) = c**2 + 3*c + 2. What is u(o)?
0
Let r(f) = 5*f + 17. Let b(v) = 4*v + 15. Let j(y) = -7*b(y) + 6*r(y). What is j(5)?
7
Let o(g) = g**3 + 6*g**2 + 5*g + 8. Suppose -7 = 2*b - i, -b - b = 3*i + 27. Calculate o(b).
-22
Let f(c) = -2*c**3 - 5*c + 2. Let m(o) = -o**2 - o. Let h(k) = -f(k) + 2*m(k). Let z = -253 - -255. Calculate h(z).
12
Let p be (-3)/(-2)*(-3 + 5). Let k(x) = p - 19*x**2 - 5*x - 2 + 18*x**2. Suppose 5 + 0 = -u - g, -2*g - 22 = 4*u. Calculate k(u).
-5
Let m(r) = 2*r**2 + 3*r. Let k = -6 + 4. Let n be m(k). Let a(c) = 1 + 66*c + c**2 + 67*c - 134*c - c**3. Give a(n).
-5
Suppose 11 + 3 = -7*k. Let p = k + -1. Let f(a) = -6*a - 2. What is f(p)?
16
Let y = 2069 + -2069. Suppose -3 + 9 = 3*a. Let r(k) = -3 + k**3 + k**2 - k**a. Give r(y).
-3
Let m(j) = j**2 + 4*j - 4. Let t be m(3). Let o(x) = -6 + 35*x - t*x - 15*x. Determine o(4).
6
Let g = 7 - -33. Suppose 4*u + 6*u = g. Let h(s) be the second derivative of -s**5/20 + s**4/4 + s**3/6 + 5*s**2/2 + 2*s. Calculate h(u).
-7
Let c(f) = 2*f**2 - 15*f - 3. Let i be c(7). Let q = -10 - i. Let l(v) = v**2 - 9. Give l(q).
-9
Suppose -3*u - 5*k = -33, 3*u - 1 = 5